{"id":3383,"date":"2025-11-06T13:23:32","date_gmt":"2025-11-06T16:23:32","guid":{"rendered":"https:\/\/ies9023-infd.mendoza.edu.ar\/sitio\/?page_id=3383"},"modified":"2025-12-11T20:04:30","modified_gmt":"2025-12-11T23:04:30","slug":"tecnicatura-superior-en-marketing-digital","status":"publish","type":"page","link":"https:\/\/ies9023-infd.mendoza.edu.ar\/sitio\/oferta-academica-2\/tecnicatura-superior-en-marketing-digital\/","title":{"rendered":"Tecnicatura Superior en Marketing Digital"},"content":{"rendered":"\n<div class=\"wp-block-columns is-layout-flex wp-container-3\">\n<div class=\"wp-block-column is-layout-flow\">\n<figure class=\"wp-block-image size-full\"><img decoding=\"async\" src=\"https:\/\/ies9023-infd.mendoza.edu.ar\/sitio\/wp-content\/uploads\/2025\/11\/MARKETING-DIGITAL-publicado-2-anos-y-medio.png\" alt=\"\" class=\"wp-image-3389\"\/><\/figure>\n\n\n\n<div class=\"wp-block-file\"><object class=\"wp-block-file__embed\" data=\"https:\/\/ies9023-infd.mendoza.edu.ar\/sitio\/wp-content\/uploads\/2025\/11\/RESOL-2025-6184-E-GDEMZA-DGE-Tecnicatura-Sup-Marketing-Digital.pdf\" type=\"application\/pdf\" style=\"width:100%;height:600px\" aria-label=\"Incrustado de RESOL-2025-6184-E-GDEMZA-DGE Tecnicatura Sup Marketing Digital.\"><\/object><a id=\"wp-block-file--media-ec27c3c2-bbf1-4030-b29f-cde06b260202\" href=\"https:\/\/ies9023-infd.mendoza.edu.ar\/sitio\/wp-content\/uploads\/2025\/11\/RESOL-2025-6184-E-GDEMZA-DGE-Tecnicatura-Sup-Marketing-Digital.pdf\">RESOL-2025-6184-E-GDEMZA-DGE Tecnicatura Sup Marketing Digital<\/a><a href=\"https:\/\/ies9023-infd.mendoza.edu.ar\/sitio\/wp-content\/uploads\/2025\/11\/RESOL-2025-6184-E-GDEMZA-DGE-Tecnicatura-Sup-Marketing-Digital.pdf\" class=\"wp-block-file__button wp-element-button\" download aria-describedby=\"wp-block-file--media-ec27c3c2-bbf1-4030-b29f-cde06b260202\">Descarga<\/a><\/div>\n<\/div>\n\n\n\n<div class=\"wp-block-column is-layout-flow\">\n<p><\/p>\n\n\n\n<p>PERFIL PROFESIONAL<\/p>\n\n\n\n<p>El T\u00e9cnico\/a Superior en Marketing Digital es un\/a profesional capacitado\/a para<br>planificar, implementar, gestionar y evaluar estrategias de comunicaci\u00f3n,<br>posicionamiento y comercializaci\u00f3n en entornos digitales. Su formaci\u00f3n combina<br>competencias t\u00e9cnicas, anal\u00edticas, creativas y estrat\u00e9gicas, que le permiten<br>desenvolverse en el din\u00e1mico ecosistema del marketing contempor\u00e1neo, caracterizado<br>por la convergencia tecnol\u00f3gica, el protagonismo de las redes sociales y el valor<br>central de los datos.<\/p>\n\n\n\n<p><\/p>\n\n\n\n<p>Con una visi\u00f3n integral del proceso de comunicaci\u00f3n digital y de los nuevos h\u00e1bitos de<br>consumo, el profesional egresado est\u00e1 preparado para actuar de forma aut\u00f3noma o en<br>equipos multidisciplinarios, tanto en organizaciones privadas, p\u00fablicas o en<br>emprendimientos propios, contribuyendo al desarrollo de marcas, productos y servicios<br>con criterios \u00e9ticos, innovadores y sostenibles.<br><br>Aprobada por RESOL-2025-6184-E-GDEMZA-DGE<\/p>\n\n\n\n<p>PRIMER A\u00d1O<\/p>\n\n\n\n<figure class=\"wp-block-table\"><table><tbody><tr><td>1<\/td><td>Ingl\u00e9s &nbsp;&#8211; &nbsp;Anual<\/td><\/tr><tr><td>2<\/td><td>Inform\u00e1tica Aplicada al&nbsp;Marketing&nbsp;&nbsp;&#8211; Anual<\/td><\/tr><tr><td>3<\/td><td>Fundamentos de&nbsp;Marketing&nbsp;&#8211; Anual<\/td><\/tr><tr><td>4<\/td><td>Comunicaci\u00f3n y Redacci\u00f3n Digital &#8211; Semestral<\/td><\/tr><tr><td>5<\/td><td>&nbsp;Planificaci\u00f3n Estrat\u00e9gica del&nbsp;Marketing&nbsp;Digital &#8211; Semestral<\/td><\/tr><tr><td>6<\/td><td>Comportamiento de Consumidores y Usuarios &#8211; Semestral<\/td><\/tr><tr><td>7<\/td><td>&nbsp;Innovaci\u00f3n, Creatividad y Transformaci\u00f3n Digital- Semestral<\/td><\/tr><tr><td>8<\/td><td>Generaci\u00f3n de Contenidos y Gesti\u00f3n de Plataformas &#8211; Semestral<\/td><\/tr><tr><td>9<\/td><td>Desarrollo y Experiencia de Marca- Semestral<\/td><\/tr><tr><td>10<\/td><td>Dise\u00f1o y Gesti\u00f3n de Campa\u00f1as Digitales \u2013 Semestral<\/td><\/tr><tr><td>11<\/td><td>Pr\u00e1ctica Profesionalizante I &nbsp;&#8211; Anual<\/td><\/tr><\/tbody><\/table><\/figure>\n\n\n\n<p>SEGUNDO A\u00d1O<\/p>\n\n\n\n<figure class=\"wp-block-table\"><table><tbody><tr><td>12<\/td><td>Ingl\u00e9s II &#8211; &nbsp;Anual<\/td><\/tr><tr><td>13<\/td><td>Posicionamiento y Anal\u00edtica Web- Anual<\/td><\/tr><tr><td>14<\/td><td>Principios y Fundamentos Legales- Semestral<\/td><\/tr><tr><td>15<\/td><td>Social Media y Community Management &#8211; Semestral<\/td><\/tr><tr><td>16<\/td><td>&nbsp;Costos y Presupuestos de Campa\u00f1as &#8211; Semestral<\/td><\/tr><tr><td>17<\/td><td>Derecho de los Negocios Digitales &#8211; Semestral<\/td><\/tr><tr><td>18<\/td><td>&nbsp;Gesti\u00f3n de Canales Digitales- Semestral<\/td><\/tr><tr><td>19<\/td><td>E-commerce y Marketplaces &#8211; Semestral<\/td><\/tr><tr><td>20<\/td><td>\u00c9tica Profesional &#8212; Semestral<\/td><\/tr><tr><td>21<\/td><td>Pr\u00e1ctica Profesionalizante II &#8211; Anual<\/td><\/tr><\/tbody><\/table><\/figure>\n\n\n\n<p>TERCER A\u00d1O<\/p>\n\n\n\n<figure class=\"wp-block-table\"><table><tbody><tr><td>22<\/td><td>Herramientas de Automatizaci\u00f3n- Anual<\/td><\/tr><tr><td>23<\/td><td>Desarrollo Emprendedor &#8211; Semestral<\/td><\/tr><tr><td>24<\/td><td>Negociaci\u00f3n y&nbsp;Marketing&nbsp;Relacional &#8211; Semestral<\/td><\/tr><tr><td>25<\/td><td>Estrategias de Alcance y Fidelizaci\u00f3n -Semestral<\/td><\/tr><tr><td>26<\/td><td>Proyecto Integrador Final -Semestral<\/td><\/tr><tr><td>27<\/td><td>Pr\u00e1ctica Profesionalizante III &nbsp;-Anual<\/td><\/tr><\/tbody><\/table><\/figure>\n<\/div>\n<\/div>\n","protected":false},"excerpt":{"rendered":"<p>PERFIL PROFESIONAL El T\u00e9cnico\/a Superior en Marketing Digital es un\/a profesional capacitado\/a paraplanificar, implementar, gestionar y evaluar estrategias de comunicaci\u00f3n,posicionamiento y comercializaci\u00f3n en entornos digitales. Su formaci\u00f3n combinacompetencias t\u00e9cnicas, anal\u00edticas, creativas y estrat\u00e9gicas, que le permitendesenvolverse en el din\u00e1mico ecosistema del marketing contempor\u00e1neo, caracterizadopor la convergencia tecnol\u00f3gica, el protagonismo de las redes sociales y el &#8230; <a title=\"Tecnicatura Superior en Marketing Digital\" class=\"read-more\" href=\"https:\/\/ies9023-infd.mendoza.edu.ar\/sitio\/oferta-academica-2\/tecnicatura-superior-en-marketing-digital\/\" aria-label=\"More on Tecnicatura Superior en Marketing Digital\">[+]<\/a><\/p>\n","protected":false},"author":546,"featured_media":0,"parent":2749,"menu_order":0,"comment_status":"closed","ping_status":"closed","template":"","meta":[],"acf":[],"_links":{"self":[{"href":"https:\/\/ies9023-infd.mendoza.edu.ar\/sitio\/wp-json\/wp\/v2\/pages\/3383"}],"collection":[{"href":"https:\/\/ies9023-infd.mendoza.edu.ar\/sitio\/wp-json\/wp\/v2\/pages"}],"about":[{"href":"https:\/\/ies9023-infd.mendoza.edu.ar\/sitio\/wp-json\/wp\/v2\/types\/page"}],"author":[{"embeddable":true,"href":"https:\/\/ies9023-infd.mendoza.edu.ar\/sitio\/wp-json\/wp\/v2\/users\/546"}],"replies":[{"embeddable":true,"href":"https:\/\/ies9023-infd.mendoza.edu.ar\/sitio\/wp-json\/wp\/v2\/comments?post=3383"}],"version-history":[{"count":7,"href":"https:\/\/ies9023-infd.mendoza.edu.ar\/sitio\/wp-json\/wp\/v2\/pages\/3383\/revisions"}],"predecessor-version":[{"id":3680,"href":"https:\/\/ies9023-infd.mendoza.edu.ar\/sitio\/wp-json\/wp\/v2\/pages\/3383\/revisions\/3680"}],"up":[{"embeddable":true,"href":"https:\/\/ies9023-infd.mendoza.edu.ar\/sitio\/wp-json\/wp\/v2\/pages\/2749"}],"wp:attachment":[{"href":"https:\/\/ies9023-infd.mendoza.edu.ar\/sitio\/wp-json\/wp\/v2\/media?parent=3383"}],"curies":[{"name":"wp","href":"https:\/\/api.w.org\/{rel}","templated":true}]}}