{"id":3242,"date":"2025-10-01T10:36:16","date_gmt":"2025-10-01T13:36:16","guid":{"rendered":"https:\/\/ies9023-infd.mendoza.edu.ar\/sitio\/?page_id=3242"},"modified":"2025-11-25T13:05:58","modified_gmt":"2025-11-25T16:05:58","slug":"concurso-traslado-permutas-2025","status":"publish","type":"page","link":"https:\/\/ies9023-infd.mendoza.edu.ar\/sitio\/concurso-traslado-permutas-2025\/","title":{"rendered":"CONCURSOS CONVOCATORIAS 2025"},"content":{"rendered":"\n<h2 class=\"wp-block-heading\">Concurso p\u00fablico y abierto para titularizaci\u00f3n de cargos BEDEL\/PRECEPTOR\/SECRETARIO en el Nivel Superior<\/h2>\n\n\n<div>\n<div><img decoding=\"async\" loading=\"lazy\" class=\"alignnone  wp-image-3548 alignleft\" src=\"https:\/\/ies9023-infd.mendoza.edu.ar\/sitio\/wp-content\/uploads\/2025\/11\/educacion-superior-titularizara-cargos-y-horas-catedra-1.jpeg\" alt=\"\" width=\"464\" height=\"568\" \/><\/div>\n<\/div>\n<div>\u00a0<\/div>\n<div>A todo el personal del\u00a0\u00a0I.E.S. N\u00b0 9-023<\/div>\n<div>\u00a0<\/div>\n<div>Nos dirigimos a ustedes a fin de informarles que la Direcci\u00f3n de Educaci\u00f3n Superior, ha convocado a concurso de titularizaci\u00f3n para horas y cargos del Nivel Superior.<\/div>\n<div>\u00a0<\/div>\n<div>A fin de brindar una mejor informaci\u00f3n, adjuntamos las resoluciones y anexos\u00a0correspondientes.<\/div>\n<div>\u00a0<\/div>\n<div><em><strong>Concurso p\u00fablico y abierto para titularizaci\u00f3n de horas c\u00e1tedra\u00a0 <\/strong><\/em><em><strong>frente a estudiantes en el Nivel\u00a0\u00a0<\/strong><\/em><em><strong>Superior &#8211;\u00a0<\/strong><\/em><\/div>\n<ul>\n<li><strong><a href=\"https:\/\/drive.google.com\/file\/d\/11L3k48guw-qqB99BO9sZX4wk5A8bQKl0\/view?usp=drive_link\">Resoluci\u00f3n concurso horas frente a estudiantes.<\/a><\/strong><\/li>\n<li><strong><a href=\"https:\/\/drive.google.com\/file\/d\/1a9DXHnZRuOVrQ8Nug9L4WQBQ8MI9djaR\/view?usp=drive_link\">Anexo concurso horas frente a estudiantes.<\/a><\/strong><\/li>\n<\/ul>\n<p><em><strong>Concurso p\u00fablico y abierto para titularizaci\u00f3n de cargos BEDEL\/PRECEPTOR\/SECRETARIO en el Nivel Superior &#8211; Convocatoria 2025<\/strong><\/em><\/p>\n<ul>\n<li><strong><a href=\"https:\/\/drive.google.com\/file\/d\/1u0IlGZ6Dn9e469MBGB_TNBCQSx0f8BtS\/view?usp=drive_link\">Resoluci\u00f3n concurso cargos bedel\/preceptor\/secretario.<\/a><\/strong><\/li>\n<li><strong><a href=\"https:\/\/drive.google.com\/file\/d\/1y6eqYowtNGXqTKj6iZWuGKG0wWXH3673\/view?usp=drive_link\">Anexo concurso cargos.<\/a><\/strong><\/li>\n<\/ul>\n<p style=\"text-align: right;\">M\u00e1s informaci\u00f3n:\u00a0\u00a0<a href=\"https:\/\/superior-infd.mendoza.edu.ar\/sitio\/docentes-2\/\">https:\/\/superior-infd.mendoza.edu.ar\/sitio\/docentes-2\/<\/a><\/p>\n\n\n<h2 class=\"wp-block-heading\">TRASLADOS\/ PERMUTAS<\/h2>\n\n\n\n<p><p><img decoding=\"async\" loading=\"lazy\" width=\"368\" height=\"436\" class=\"wp-image-3243 alignleft\" src=\"https:\/\/ies9023-infd.mendoza.edu.ar\/sitio\/wp-content\/uploads\/2025\/10\/traslados-superior-2.jpg\" alt=\"\"><\/p> <span style=\"font-size: revert;\">A los docentes del I.E.S. N\u00b0 9-023<\/span><p><br>Informamos a ustedes que se ha abierto el concurso de <strong>traslados y\/o permutas<\/strong> en el Nivel superior.<br><br>La recepci\u00f3n de carpetas con documentaci\u00f3n e inscripci\u00f3n correspondiente, podr\u00e1 realizarse:<br>desde el <em><strong>30\/09\/2025 hasta el 16\/10\/2025<\/strong><\/em> en la sede Central del Instituto (Dionisio Herrero 303, Maip\u00fa), en el horario de 09.00 a 11.30 y de 15.30 a 20.00 (Lunes a Viernes).<\/p> <h6><strong>Para una mejor informaci\u00f3n adjuntamos la RS-2025-332-25-GDEMZA-CGES_DGE y sus ANEXOS.<\/strong><\/h6> <strong style=\"font-size: 16px;\">Resoluci\u00f3n<\/strong><span style=\"font-size: 16px; font-weight: bold;\"> <\/span><a style=\"font-size: 16px; font-weight: bold;\" href=\"https:\/\/drive.google.com\/file\/d\/1mK4whcuGjNd8VgzRqpYZIXaU2m0mon-T\/view?usp=sharing\"> Link de descarga <\/a><span style=\"font-size: revert; font-weight: bold;\"> Anexo I (traslados) <\/span><a style=\"font-size: 16px; font-weight: bold;\" href=\"https:\/\/drive.google.com\/file\/d\/1sC7OqHWqbZ-5tNn77R1enzOZCtow45YO\/view?usp=sharing\"> Link de descarga <\/a><span style=\"font-size: revert; font-weight: bold;\"> Anexo II (permutas) <\/span><a style=\"font-size: 16px; font-weight: bold;\" href=\"https:\/\/drive.google.com\/file\/d\/1j2WmWwrU8_R1qnKYtTeS76HJrR7qjZEJ\/view?usp=sharing\"> Link de descarga                  <\/a><a style=\"font-size: revert;\" href=\"https:\/\/superior-infd.mendoza.edu.ar\/sitio\/publicaciones-traslado-permuta\/\">LISTADO DE HORAS\/CARGOS PARA TRASLADOS\/PERMUTAS:\u00a0<\/a><ul> <\/ul><\/p>\n","protected":false},"excerpt":{"rendered":"<p>Concurso p\u00fablico y abierto para titularizaci\u00f3n de cargos BEDEL\/PRECEPTOR\/SECRETARIO en el Nivel Superior \u00a0 A todo el personal del\u00a0\u00a0I.E.S. N\u00b0 9-023 \u00a0 Nos dirigimos a ustedes a fin de informarles que la Direcci\u00f3n de Educaci\u00f3n Superior, ha convocado a concurso de titularizaci\u00f3n para horas y cargos del Nivel Superior. \u00a0 A fin de brindar una &#8230; <a title=\"CONCURSOS CONVOCATORIAS 2025\" class=\"read-more\" href=\"https:\/\/ies9023-infd.mendoza.edu.ar\/sitio\/concurso-traslado-permutas-2025\/\" aria-label=\"More on CONCURSOS CONVOCATORIAS 2025\">[+]<\/a><\/p>\n","protected":false},"author":540,"featured_media":0,"parent":0,"menu_order":0,"comment_status":"closed","ping_status":"closed","template":"","meta":[],"acf":[],"_links":{"self":[{"href":"https:\/\/ies9023-infd.mendoza.edu.ar\/sitio\/wp-json\/wp\/v2\/pages\/3242"}],"collection":[{"href":"https:\/\/ies9023-infd.mendoza.edu.ar\/sitio\/wp-json\/wp\/v2\/pages"}],"about":[{"href":"https:\/\/ies9023-infd.mendoza.edu.ar\/sitio\/wp-json\/wp\/v2\/types\/page"}],"author":[{"embeddable":true,"href":"https:\/\/ies9023-infd.mendoza.edu.ar\/sitio\/wp-json\/wp\/v2\/users\/540"}],"replies":[{"embeddable":true,"href":"https:\/\/ies9023-infd.mendoza.edu.ar\/sitio\/wp-json\/wp\/v2\/comments?post=3242"}],"version-history":[{"count":4,"href":"https:\/\/ies9023-infd.mendoza.edu.ar\/sitio\/wp-json\/wp\/v2\/pages\/3242\/revisions"}],"predecessor-version":[{"id":3555,"href":"https:\/\/ies9023-infd.mendoza.edu.ar\/sitio\/wp-json\/wp\/v2\/pages\/3242\/revisions\/3555"}],"wp:attachment":[{"href":"https:\/\/ies9023-infd.mendoza.edu.ar\/sitio\/wp-json\/wp\/v2\/media?parent=3242"}],"curies":[{"name":"wp","href":"https:\/\/api.w.org\/{rel}","templated":true}]}}