{"id":2760,"date":"2024-10-04T12:38:51","date_gmt":"2024-10-04T15:38:51","guid":{"rendered":"https:\/\/ies9023-infd.mendoza.edu.ar\/sitio\/?page_id=2760"},"modified":"2026-04-29T11:58:07","modified_gmt":"2026-04-29T14:58:07","slug":"profesorado-para-la-educacion-secundaria-en-concurrencia-con-el-titulo-de-base","status":"publish","type":"page","link":"https:\/\/ies9023-infd.mendoza.edu.ar\/sitio\/oferta-academica-2\/profesorado-para-la-educacion-secundaria-en-concurrencia-con-el-titulo-de-base\/","title":{"rendered":"Profesorado para la Educaci\u00f3n Secundaria de la modalidad t\u00e9cnico profesional en concurrencia con el t\u00edtulo de base."},"content":{"rendered":"\n<p><strong>Duraci\u00f3n:<\/strong>\u00a03 a\u00f1os<br><strong>Resoluci\u00f3n N\u00b0 2560-DGE-2018<\/strong><br><\/p>\n\n\n\n<p>Seg\u00fan el Anexo de la Resoluci\u00f3n, los destinatarios son:<\/p>\n\n\n\n<ol>\n<li><strong>T\u00e9cnicos de Nivel Secundario<\/strong> sin formaci\u00f3n docente que se encuentren desempe\u00f1ando cargo directivo o docente en los espacios formativos del campo cient\u00edfico tecnol\u00f3gico, t\u00e9cnico espec\u00edfico y de la pr\u00e1ctica profesional en instituciones que otorgan t\u00edtulos t\u00e9cnicos de Nivel Secundario o Centros de Capacitaci\u00f3n para el Trabajo (CCT), con al menos dos a\u00f1os de ejercicio.<\/li>\n\n\n\n<li><strong>T\u00e9cnicos de Nivel Superior o Universitario<\/strong> en especialidades afines a la ETP, que se encuentren desempe\u00f1ando cargo directivo o docente en instituciones de ETP y\/o que tengan intenciones de acceder al ejercicio de la docencia en la modalidad t\u00e9cnico profesional.<\/li>\n\n\n\n<li><strong>T\u00e9cnicos de Nivel Secundario o Superior<\/strong> cuyo t\u00edtulo est\u00e9 contemplado con incumbencias en las \u00e1reas 10 a 15 de la Junta Calificadora de M\u00e9ritos de Educaci\u00f3n T\u00e9cnica de la Provincia de Mendoza.<\/li>\n\n\n\n<li><strong>Estudiantes de cohortes anteriores<\/strong> que, seg\u00fan la Resoluci\u00f3n N\u00b0 63-CFE-08, cursaron y aprobaron las materias del Campo de Formaci\u00f3n General pero no pudieron cumplimentar sus obligaciones acad\u00e9micas del Campo de Formaci\u00f3n T\u00e9cnica Espec\u00edfica I y II y Pr\u00e1cticas Docentes \u2014 con condiciones especiales de cursado para adecuarse al nuevo dise\u00f1o.<\/li>\n<\/ol>\n\n\n\n<div class=\"wp-block-file\"><object class=\"wp-block-file__embed\" data=\"https:\/\/ies9023-infd.mendoza.edu.ar\/sitio\/wp-content\/uploads\/2026\/04\/RESOL-DGE-2560-2018-4.5MB.pdf\" type=\"application\/pdf\" style=\"width:100%;height:600px\" aria-label=\"Incrustado de RESOL-DGE-2560-2018-Profesorado para T\u00e9cnicos.\"><\/object><a id=\"wp-block-file--media-a56e7742-4874-4635-8ddb-13ce6e774d23\" href=\"https:\/\/ies9023-infd.mendoza.edu.ar\/sitio\/wp-content\/uploads\/2026\/04\/RESOL-DGE-2560-2018-4.5MB.pdf\">RESOL-DGE-2560-2018-Profesorado para T\u00e9cnicos<\/a><a href=\"https:\/\/ies9023-infd.mendoza.edu.ar\/sitio\/wp-content\/uploads\/2026\/04\/RESOL-DGE-2560-2018-4.5MB.pdf\" class=\"wp-block-file__button wp-element-button\" download aria-describedby=\"wp-block-file--media-a56e7742-4874-4635-8ddb-13ce6e774d23\">Descarga<\/a><\/div>\n","protected":false},"excerpt":{"rendered":"<p>Duraci\u00f3n:\u00a03 a\u00f1osResoluci\u00f3n N\u00b0 2560-DGE-2018 Seg\u00fan el Anexo de la Resoluci\u00f3n, los destinatarios son:<\/p>\n","protected":false},"author":546,"featured_media":0,"parent":2749,"menu_order":0,"comment_status":"closed","ping_status":"closed","template":"","meta":[],"acf":[],"_links":{"self":[{"href":"https:\/\/ies9023-infd.mendoza.edu.ar\/sitio\/wp-json\/wp\/v2\/pages\/2760"}],"collection":[{"href":"https:\/\/ies9023-infd.mendoza.edu.ar\/sitio\/wp-json\/wp\/v2\/pages"}],"about":[{"href":"https:\/\/ies9023-infd.mendoza.edu.ar\/sitio\/wp-json\/wp\/v2\/types\/page"}],"author":[{"embeddable":true,"href":"https:\/\/ies9023-infd.mendoza.edu.ar\/sitio\/wp-json\/wp\/v2\/users\/546"}],"replies":[{"embeddable":true,"href":"https:\/\/ies9023-infd.mendoza.edu.ar\/sitio\/wp-json\/wp\/v2\/comments?post=2760"}],"version-history":[{"count":6,"href":"https:\/\/ies9023-infd.mendoza.edu.ar\/sitio\/wp-json\/wp\/v2\/pages\/2760\/revisions"}],"predecessor-version":[{"id":3735,"href":"https:\/\/ies9023-infd.mendoza.edu.ar\/sitio\/wp-json\/wp\/v2\/pages\/2760\/revisions\/3735"}],"up":[{"embeddable":true,"href":"https:\/\/ies9023-infd.mendoza.edu.ar\/sitio\/wp-json\/wp\/v2\/pages\/2749"}],"wp:attachment":[{"href":"https:\/\/ies9023-infd.mendoza.edu.ar\/sitio\/wp-json\/wp\/v2\/media?parent=2760"}],"curies":[{"name":"wp","href":"https:\/\/api.w.org\/{rel}","templated":true}]}}

Profesorado para la Educación Secundaria de la modalidad técnico profesional en concurrencia con el título de base.

<p><strong>Duración:</strong> 3 años<br><strong>Resolución N° 2560-DGE-2018</strong><br></p>



<p>Según el Anexo de la Resolución, los destinatarios son:</p>



<ol>
<li><strong>Técnicos de Nivel Secundario</strong> sin formación docente que se encuentren desempeñando cargo directivo o docente en los espacios formativos del campo científico tecnológico, técnico específico y de la práctica profesional en instituciones que otorgan títulos técnicos de Nivel Secundario o Centros de Capacitación para el Trabajo (CCT), con al menos dos años de ejercicio.</li>



<li><strong>Técnicos de Nivel Superior o Universitario</strong> en especialidades afines a la ETP, que se encuentren desempeñando cargo directivo o docente en instituciones de ETP y/o que tengan intenciones de acceder al ejercicio de la docencia en la modalidad técnico profesional.</li>



<li><strong>Técnicos de Nivel Secundario o Superior</strong> cuyo título esté contemplado con incumbencias en las áreas 10 a 15 de la Junta Calificadora de Méritos de Educación Técnica de la Provincia de Mendoza.</li>



<li><strong>Estudiantes de cohortes anteriores</strong> que, según la Resolución N° 63-CFE-08, cursaron y aprobaron las materias del Campo de Formación General pero no pudieron cumplimentar sus obligaciones académicas del Campo de Formación Técnica Específica I y II y Prácticas Docentes — con condiciones especiales de cursado para adecuarse al nuevo diseño.</li>
</ol>



<div class="wp-block-file"><object class="wp-block-file__embed" data="https://ies9023-infd.mendoza.edu.ar/sitio/wp-content/uploads/2026/04/RESOL-DGE-2560-2018-4.5MB.pdf" type="application/pdf" style="width:100%;height:600px" aria-label="Incrustado de RESOL-DGE-2560-2018-Profesorado para Técnicos."></object><a id="wp-block-file--media-a56e7742-4874-4635-8ddb-13ce6e774d23" href="https://ies9023-infd.mendoza.edu.ar/sitio/wp-content/uploads/2026/04/RESOL-DGE-2560-2018-4.5MB.pdf">RESOL-DGE-2560-2018-Profesorado para Técnicos</a><a href="https://ies9023-infd.mendoza.edu.ar/sitio/wp-content/uploads/2026/04/RESOL-DGE-2560-2018-4.5MB.pdf" class="wp-block-file__button wp-element-button" download aria-describedby="wp-block-file--media-a56e7742-4874-4635-8ddb-13ce6e774d23">Descarga</a></div>

<p>Duración: 3 añosResolución N° 2560-DGE-2018 Según el Anexo de la Resolución, los destinatarios son:</p>
