{"id":2656,"date":"2024-09-19T20:33:19","date_gmt":"2024-09-19T23:33:19","guid":{"rendered":"https:\/\/ies9023-infd.mendoza.edu.ar\/sitio\/?page_id=2656"},"modified":"2025-12-11T21:31:32","modified_gmt":"2025-12-12T00:31:32","slug":"profesorado-de-educacion-primaria-res-n-6868-dge-2023","status":"publish","type":"page","link":"https:\/\/ies9023-infd.mendoza.edu.ar\/sitio\/oferta-academica-2\/profesorado-de-educacion-primaria-res-n-6868-dge-2023\/","title":{"rendered":"Profesorado de Educaci\u00f3n Primaria"},"content":{"rendered":"\n<p><strong><a href=\"https:\/\/ies9023-infd.mendoza.edu.ar\/sitio\/wp-content\/uploads\/2025\/12\/RESOL-2023-6868-Profesorado-de-Educacion-Primaria-todo.pdf\">RES. N\u00b0 6868-DGE-2023 <\/a><\/strong><\/p>\n\n\n\n<p><\/p>\n\n\n\n<p>Horario de cursado:<br>TURNO MA\u00d1ANA 8.00 A 13.00 Hs.<\/p>\n\n\n\n<pre class=\"wp-block-preformatted\"><strong>PRIMER A\u00d1O<\/strong>\n\n1 PENSAMIENTO FILOS\u00d3FICO\n2 COMPRENSI\u00d3N Y PRODUCCI\u00d3N DE TEXTOS ACAD\u00c9MICOS\n3 SISTEMA EDUCATIVO\n4 PEDAGOG\u00cdA\n5 NUMERACI\u00d3N\n6 LENGUA Y LITERATURA\n7 EDUCACI\u00d3N ART\u00cdSTICA\n8 PR\u00c1CTICA PROFESIONAL DOCENTE I<\/pre>\n\n\n\n<pre class=\"wp-block-preformatted\"><strong>SEGUNDO A\u00d1O<\/strong>\n\n9 DID\u00c1CTICA\n10 SUJETOS DE LA EDUCACI\u00d3N\n11 PSICOLOG\u00cdA EDUCACIONAL\n12 INSTITUCIONES EDUCACIONAL\n13 N\u00daMEROS RACIONALES Y SU DID\u00c1CTICA\n14 CS SOCIALES Y SU DID\u00c1CTICA I\n15 CS NATURALES Y SU DID\u00c1CTICA I\n16 LENGUA Y SU DID\u00c1CTICA\n17 LITERATURA Y SU DID\u00c1CTICA\n18 ESPACIO, GEOMETR\u00cdA Y SU DID\u00c1CTICA\n19 PR\u00c1CTICA PROFESIONAL DOCENTE II<\/pre>\n\n\n\n<pre class=\"wp-block-preformatted\"><strong>TERCER A\u00d1O<\/strong>\n\n20 GESTI\u00d3N Y EVALUACI\u00d3N DE LOS APRENDIZAJES\n21 PROYECTOS DE INTERVENCI\u00d3N SOCIO-EDUCATIVA\n22 EDUCACI\u00d3N EN LA DIVERSIDAD\n23 EDUCACI\u00d3N TECNOL\u00d3GICA\n24 MEDIDA Y SU DID\u00c1CTICA\n25 CS. SOCIALES Y SU DID\u00c1CTICA II\n26 CS. NATURALES Y SU DID\u00c1CTICA II\n27 ALFABETIZACI\u00d3N\n28 FORMACI\u00d3N \u00c9TICA Y CIUDADANA Y SU DID\u00c1CTICA\n29 \u00c1LGEBRA, FUNCIONES Y SU DID\u00c1CTICA\n30 PRACTICA PROFESIONAL DOCENTE III<\/pre>\n\n\n\n<pre class=\"wp-block-preformatted\"><strong>CUARTO A\u00d1O<\/strong>\n\n31 EDUCACI\u00d3N SEXUAL INTEGRAL\n32 EDUCACI\u00d3N Y TECNOLOG\u00cdAS DIGITALES\n33 HISTORIA Y PATRIMONIO CULTURAL DE MENDOZA\n34 FORMACI\u00d3N COMPLEMENTARIA GENERAL\n35 DID\u00c1CTICA DE LA LENGUA Y LA LITERATURA\n36 DID\u00c1CTICA DE LA MATEM\u00c1TICA\n37 DID\u00c1CTICA DE LAS CIENCIAS SOCIALES\n38 DID\u00c1CTICA DE LAS CIENCIAS NATURALES\n39 FORMACI\u00d3N COMPLEMENTARIA II\n40 PR\u00c1CTICA PROFESIONAL DOCENTE IV<\/pre>\n","protected":false},"excerpt":{"rendered":"<p>RES. N\u00b0 6868-DGE-2023 Horario de cursado:TURNO MA\u00d1ANA 8.00 A 13.00 Hs. PRIMER A\u00d1O 1 PENSAMIENTO FILOS\u00d3FICO 2 COMPRENSI\u00d3N Y PRODUCCI\u00d3N DE TEXTOS ACAD\u00c9MICOS 3 SISTEMA EDUCATIVO 4 PEDAGOG\u00cdA 5 NUMERACI\u00d3N 6 LENGUA Y LITERATURA 7 EDUCACI\u00d3N ART\u00cdSTICA 8 PR\u00c1CTICA PROFESIONAL DOCENTE I SEGUNDO A\u00d1O 9 DID\u00c1CTICA 10 SUJETOS DE LA EDUCACI\u00d3N 11 PSICOLOG\u00cdA EDUCACIONAL 12 &#8230; <a title=\"Profesorado de Educaci\u00f3n Primaria\" class=\"read-more\" href=\"https:\/\/ies9023-infd.mendoza.edu.ar\/sitio\/oferta-academica-2\/profesorado-de-educacion-primaria-res-n-6868-dge-2023\/\" aria-label=\"More on Profesorado de Educaci\u00f3n Primaria\">[+]<\/a><\/p>\n","protected":false},"author":551,"featured_media":0,"parent":2749,"menu_order":0,"comment_status":"closed","ping_status":"closed","template":"","meta":[],"acf":[],"_links":{"self":[{"href":"https:\/\/ies9023-infd.mendoza.edu.ar\/sitio\/wp-json\/wp\/v2\/pages\/2656"}],"collection":[{"href":"https:\/\/ies9023-infd.mendoza.edu.ar\/sitio\/wp-json\/wp\/v2\/pages"}],"about":[{"href":"https:\/\/ies9023-infd.mendoza.edu.ar\/sitio\/wp-json\/wp\/v2\/types\/page"}],"author":[{"embeddable":true,"href":"https:\/\/ies9023-infd.mendoza.edu.ar\/sitio\/wp-json\/wp\/v2\/users\/551"}],"replies":[{"embeddable":true,"href":"https:\/\/ies9023-infd.mendoza.edu.ar\/sitio\/wp-json\/wp\/v2\/comments?post=2656"}],"version-history":[{"count":6,"href":"https:\/\/ies9023-infd.mendoza.edu.ar\/sitio\/wp-json\/wp\/v2\/pages\/2656\/revisions"}],"predecessor-version":[{"id":3693,"href":"https:\/\/ies9023-infd.mendoza.edu.ar\/sitio\/wp-json\/wp\/v2\/pages\/2656\/revisions\/3693"}],"up":[{"embeddable":true,"href":"https:\/\/ies9023-infd.mendoza.edu.ar\/sitio\/wp-json\/wp\/v2\/pages\/2749"}],"wp:attachment":[{"href":"https:\/\/ies9023-infd.mendoza.edu.ar\/sitio\/wp-json\/wp\/v2\/media?parent=2656"}],"curies":[{"name":"wp","href":"https:\/\/api.w.org\/{rel}","templated":true}]}}

Profesorado de Educación Primaria

<p><strong><a href="https://ies9023-infd.mendoza.edu.ar/sitio/wp-content/uploads/2025/12/RESOL-2023-6868-Profesorado-de-Educacion-Primaria-todo.pdf">RES. N° 6868-DGE-2023 </a></strong></p>



<p></p>



<p>Horario de cursado:<br>TURNO MAÑANA 8.00 A 13.00 Hs.</p>



<pre class="wp-block-preformatted"><strong>PRIMER AÑO</strong>

1 PENSAMIENTO FILOSÓFICO
2 COMPRENSIÓN Y PRODUCCIÓN DE TEXTOS ACADÉMICOS
3 SISTEMA EDUCATIVO
4 PEDAGOGÍA
5 NUMERACIÓN
6 LENGUA Y LITERATURA
7 EDUCACIÓN ARTÍSTICA
8 PRÁCTICA PROFESIONAL DOCENTE I</pre>



<pre class="wp-block-preformatted"><strong>SEGUNDO AÑO</strong>

9 DIDÁCTICA
10 SUJETOS DE LA EDUCACIÓN
11 PSICOLOGÍA EDUCACIONAL
12 INSTITUCIONES EDUCACIONAL
13 NÚMEROS RACIONALES Y SU DIDÁCTICA
14 CS SOCIALES Y SU DIDÁCTICA I
15 CS NATURALES Y SU DIDÁCTICA I
16 LENGUA Y SU DIDÁCTICA
17 LITERATURA Y SU DIDÁCTICA
18 ESPACIO, GEOMETRÍA Y SU DIDÁCTICA
19 PRÁCTICA PROFESIONAL DOCENTE II</pre>



<pre class="wp-block-preformatted"><strong>TERCER AÑO</strong>

20 GESTIÓN Y EVALUACIÓN DE LOS APRENDIZAJES
21 PROYECTOS DE INTERVENCIÓN SOCIO-EDUCATIVA
22 EDUCACIÓN EN LA DIVERSIDAD
23 EDUCACIÓN TECNOLÓGICA
24 MEDIDA Y SU DIDÁCTICA
25 CS. SOCIALES Y SU DIDÁCTICA II
26 CS. NATURALES Y SU DIDÁCTICA II
27 ALFABETIZACIÓN
28 FORMACIÓN ÉTICA Y CIUDADANA Y SU DIDÁCTICA
29 ÁLGEBRA, FUNCIONES Y SU DIDÁCTICA
30 PRACTICA PROFESIONAL DOCENTE III</pre>



<pre class="wp-block-preformatted"><strong>CUARTO AÑO</strong>

31 EDUCACIÓN SEXUAL INTEGRAL
32 EDUCACIÓN Y TECNOLOGÍAS DIGITALES
33 HISTORIA Y PATRIMONIO CULTURAL DE MENDOZA
34 FORMACIÓN COMPLEMENTARIA GENERAL
35 DIDÁCTICA DE LA LENGUA Y LA LITERATURA
36 DIDÁCTICA DE LA MATEMÁTICA
37 DIDÁCTICA DE LAS CIENCIAS SOCIALES
38 DIDÁCTICA DE LAS CIENCIAS NATURALES
39 FORMACIÓN COMPLEMENTARIA II
40 PRÁCTICA PROFESIONAL DOCENTE IV</pre>

<p>RES. N° 6868-DGE-2023 Horario de cursado:TURNO MAÑANA 8.00 A 13.00 Hs. PRIMER AÑO 1 PENSAMIENTO FILOSÓFICO 2 COMPRENSIÓN Y PRODUCCIÓN DE TEXTOS ACADÉMICOS 3 SISTEMA EDUCATIVO 4 PEDAGOGÍA 5 NUMERACIÓN 6 LENGUA Y LITERATURA 7 EDUCACIÓN ARTÍSTICA 8 PRÁCTICA PROFESIONAL DOCENTE I SEGUNDO AÑO 9 DIDÁCTICA 10 SUJETOS DE LA EDUCACIÓN 11 PSICOLOGÍA EDUCACIONAL 12 &#8230; <a title="Profesorado de Educación Primaria" class="read-more" href="https://ies9023-infd.mendoza.edu.ar/sitio/oferta-academica-2/profesorado-de-educacion-primaria-res-n-6868-dge-2023/" aria-label="More on Profesorado de Educación Primaria">[+]</a></p>
