{"id":1091,"date":"2018-08-31T14:22:29","date_gmt":"2018-08-31T17:22:29","guid":{"rendered":"https:\/\/ies9023-mza.infd.edu.ar\/sitio\/sede-rodeo-del-medio\/"},"modified":"2021-12-15T10:13:11","modified_gmt":"2021-12-15T13:13:11","slug":"sede-rodeo-del-medio","status":"publish","type":"page","link":"https:\/\/ies9023-infd.mendoza.edu.ar\/sitio\/sede-rodeo-del-medio\/","title":{"rendered":"Sede Rodeo del Medio"},"content":{"rendered":"\n<h5 class=\"wp-block-heading\"><a href=\"https:\/\/ies9023-infd.mendoza.edu.ar\/sitio\/tecnicatura-superior-en-enfermeria-2\/\">Tecnicatura Superior en Enfermer\u00eda<br>Resol. 2679-DGE-2015<\/a><\/h5>\n\n\n<p>Escuela Isidro Maza<br \/>Ruta provincial 50 <br \/>Rodeo del Medio <br \/>Maip\u00fa &#8211; Mendoza<\/p>\n<p>Horario de Atenci\u00f3n:<br \/>Lun. a Vie.: 19.00 a 23.00 hs.<\/p>\n<p>\u00a0<\/p>\n<p><iframe loading=\"lazy\" style=\"border: 0;\" src=\"https:\/\/www.google.com\/maps\/embed?pb=!1m18!1m12!1m3!1d13385.383381038604!2d-68.69080593908566!3d-32.9946563819224!2m3!1f0!2f0!3f0!3m2!1i1024!2i768!4f13.1!3m3!1m2!1s0x967e6d36f3d4d071%3A0x76b2cffee528bf69!2sEscuela+Juan+Isidro+Maza!5e0!3m2!1ses!2sar!4v1487109514781\" width=\"600\" height=\"450\" frameborder=\"0\" allowfullscreen=\"allowfullscreen\"><\/iframe><\/p>\n<p><img decoding=\"async\" loading=\"lazy\" class=\"alignnone size-medium wp-image-2166\" src=\"https:\/\/ies9023-infd.mendoza.edu.ar\/sitio\/wp-content\/uploads\/2021\/12\/Sin-titulo-2-1000x434.png\" alt=\"\" width=\"1000\" height=\"434\" srcset=\"https:\/\/ies9023-infd.mendoza.edu.ar\/sitio\/wp-content\/uploads\/2021\/12\/Sin-titulo-2-1000x434.png 1000w, https:\/\/ies9023-infd.mendoza.edu.ar\/sitio\/wp-content\/uploads\/2021\/12\/Sin-titulo-2-768x333.png 768w, https:\/\/ies9023-infd.mendoza.edu.ar\/sitio\/wp-content\/uploads\/2021\/12\/Sin-titulo-2-1536x667.png 1536w, https:\/\/ies9023-infd.mendoza.edu.ar\/sitio\/wp-content\/uploads\/2021\/12\/Sin-titulo-2.png 1749w\" sizes=\"(max-width: 1000px) 100vw, 1000px\" \/><\/p>","protected":false},"excerpt":{"rendered":"<p>Tecnicatura Superior en Enfermer\u00edaResol. 2679-DGE-2015 Escuela Isidro MazaRuta provincial 50 Rodeo del Medio Maip\u00fa &#8211; Mendoza Horario de Atenci\u00f3n:Lun. a Vie.: 19.00 a 23.00 hs. \u00a0<\/p>\n","protected":false},"author":528,"featured_media":0,"parent":0,"menu_order":0,"comment_status":"closed","ping_status":"closed","template":"","meta":[],"acf":[],"_links":{"self":[{"href":"https:\/\/ies9023-infd.mendoza.edu.ar\/sitio\/wp-json\/wp\/v2\/pages\/1091"}],"collection":[{"href":"https:\/\/ies9023-infd.mendoza.edu.ar\/sitio\/wp-json\/wp\/v2\/pages"}],"about":[{"href":"https:\/\/ies9023-infd.mendoza.edu.ar\/sitio\/wp-json\/wp\/v2\/types\/page"}],"author":[{"embeddable":true,"href":"https:\/\/ies9023-infd.mendoza.edu.ar\/sitio\/wp-json\/wp\/v2\/users\/528"}],"replies":[{"embeddable":true,"href":"https:\/\/ies9023-infd.mendoza.edu.ar\/sitio\/wp-json\/wp\/v2\/comments?post=1091"}],"version-history":[{"count":2,"href":"https:\/\/ies9023-infd.mendoza.edu.ar\/sitio\/wp-json\/wp\/v2\/pages\/1091\/revisions"}],"predecessor-version":[{"id":2171,"href":"https:\/\/ies9023-infd.mendoza.edu.ar\/sitio\/wp-json\/wp\/v2\/pages\/1091\/revisions\/2171"}],"wp:attachment":[{"href":"https:\/\/ies9023-infd.mendoza.edu.ar\/sitio\/wp-json\/wp\/v2\/media?parent=1091"}],"curies":[{"name":"wp","href":"https:\/\/api.w.org\/{rel}","templated":true}]}}