{"id":1018,"date":"2018-08-31T14:21:48","date_gmt":"2018-08-31T17:21:48","guid":{"rendered":"https:\/\/ies9023-mza.infd.edu.ar\/sitio\/requisitos-de-ingreso-a-las-carreras-del-ies-9-023\/"},"modified":"2025-11-26T08:40:26","modified_gmt":"2025-11-26T11:40:26","slug":"requisitos-de-ingreso-a-las-carreras-del-ies-9-023","status":"publish","type":"page","link":"https:\/\/ies9023-infd.mendoza.edu.ar\/sitio\/requisitos-de-ingreso-a-las-carreras-del-ies-9-023\/","title":{"rendered":"Requisitos para el Ingreso a las Carreras del IES 9-023"},"content":{"rendered":"<p><img decoding=\"async\" loading=\"lazy\" class=\"alignnone size-medium wp-image-3630\" src=\"https:\/\/ies9023-infd.mendoza.edu.ar\/sitio\/wp-content\/uploads\/2025\/11\/Inscripciones-2026-abiertas-ENCABEZADO-1000x479.png\" alt=\"\" width=\"1000\" height=\"479\" srcset=\"https:\/\/ies9023-infd.mendoza.edu.ar\/sitio\/wp-content\/uploads\/2025\/11\/Inscripciones-2026-abiertas-ENCABEZADO-1000x479.png 1000w, https:\/\/ies9023-infd.mendoza.edu.ar\/sitio\/wp-content\/uploads\/2025\/11\/Inscripciones-2026-abiertas-ENCABEZADO-1900x910.png 1900w, https:\/\/ies9023-infd.mendoza.edu.ar\/sitio\/wp-content\/uploads\/2025\/11\/Inscripciones-2026-abiertas-ENCABEZADO-768x368.png 768w, https:\/\/ies9023-infd.mendoza.edu.ar\/sitio\/wp-content\/uploads\/2025\/11\/Inscripciones-2026-abiertas-ENCABEZADO-1536x735.png 1536w, https:\/\/ies9023-infd.mendoza.edu.ar\/sitio\/wp-content\/uploads\/2025\/11\/Inscripciones-2026-abiertas-ENCABEZADO-2048x981.png 2048w\" sizes=\"(max-width: 1000px) 100vw, 1000px\" \/><\/p>\n<h1>DOCUMENTACI\u00d3N PARA PROFESORADOS<\/h1>\n<ul>\n<li>4 fotos carnet<\/li>\n<li>Fotocopia DNI<\/li>\n<li>Fotocopia Partida de Nacimiento actualizada<\/li>\n<li>Constancia de CUIL<\/li>\n<li>Certificado de Antecedentes Penales vigente (3 meses de validez)<\/li>\n<li>Fotocopia de Anal\u00edtico del secundario (con sello de copia fiel) en caso de estar cursando \u2013 debe traer certificado de alumno regular (original) o certificado de anal\u00edtico en tr\u00e1mite.<\/li>\n<li>Certificado de aptitud f\u00edsica emitido por organismo de salud p\u00fablica (centro de salud u hospital p\u00fablico)<\/li>\n<li>Certificado de apto cuerdas vocales emitido por otorrino \u2013 ORL\u00a0<\/li>\n<\/ul>\n<h1>DOCUMENTACI\u00d3N PARA TECNICATURAS<\/h1>\n<ul>\n<li>4 fotos carnet<\/li>\n<li>Fotocopia DNI<\/li>\n<li>Constancia de CUIL<\/li>\n<li>Certificado de Antecedentes Penales vigente (3 meses de validez)<\/li>\n<li>Fotocopia Partida de Nacimiento actualizada<\/li>\n<li>Fotocopia de Anal\u00edtico del secundario (con sello de copia fiel) en caso de estar cursando \u2013 debe traer certificado de alumno regular (original) o certificado de anal\u00edtico en tr\u00e1mite<\/li>\n<li>Certificado de aptitud f\u00edsica emitido por organismo de salud p\u00fablica (centro de salud u hospital p\u00fablico) puede presentar copia del turno hasta que obtenga la certificaci\u00f3n<\/li>\n<li>Fotocopia de certificado de vacunas \u2013 Antitet\u00e1nica vigente (exigido para Enolog\u00eda y Mecatr\u00f3nica)<\/li>\n<\/ul>\n<h1>DOCUMENTACI\u00d3N PARA ENFERMER\u00cdA<\/h1>\n<ul>\n<li>4 fotos carnet<\/li>\n<li>Fotocopia DNI<\/li>\n<li>Fotocopia Partida de Nacimiento actualizada<\/li>\n<li>Constancia de CUIL<\/li>\n<li>Certificado de Antecedentes Penales vigente (3 meses de validez)<\/li>\n<li>Fotocopia de Anal\u00edtico del secundario (con sello de copia fiel) en caso de estar cursando \u2013 debe traer certificado de alumno regular (original) o certificado de anal\u00edtico en tr\u00e1mite<\/li>\n<li>Certificado de aptitud f\u00edsica emitido por CONI (Turno On line: www.mendoza.gov.ar \/ TURNOS)<\/li>\n<li>Fotocopia de certificado de vacunas Hepatitis B, Antitet\u00e1nica, Sarampi\u00f3n<\/li>\n<\/ul>\n<p><img decoding=\"async\" loading=\"lazy\" class=\"wp-image-3627  alignleft\" src=\"https:\/\/ies9023-infd.mendoza.edu.ar\/sitio\/wp-content\/uploads\/2025\/11\/Oferta-Educativa-2025-Ies9023-solo-carreras.png\" alt=\"\" width=\"490\" height=\"433\" srcset=\"https:\/\/ies9023-infd.mendoza.edu.ar\/sitio\/wp-content\/uploads\/2025\/11\/Oferta-Educativa-2025-Ies9023-solo-carreras.png 828w, https:\/\/ies9023-infd.mendoza.edu.ar\/sitio\/wp-content\/uploads\/2025\/11\/Oferta-Educativa-2025-Ies9023-solo-carreras-768x680.png 768w\" sizes=\"(max-width: 490px) 100vw, 490px\" \/><a href=\"https:\/\/ies9023-infd.mendoza.edu.ar\/sitio\/oferta-academica-2\/tecnicatura-superior-en-marketing-digital\/\"><img decoding=\"async\" loading=\"lazy\" class=\"wp-image-3633 alignright\" src=\"https:\/\/ies9023-infd.mendoza.edu.ar\/sitio\/wp-content\/uploads\/2025\/11\/MARKETING-DIGITAL-publicado-1080-x-1080-px-1000x1000.png\" alt=\"\" width=\"442\" height=\"442\" srcset=\"https:\/\/ies9023-infd.mendoza.edu.ar\/sitio\/wp-content\/uploads\/2025\/11\/MARKETING-DIGITAL-publicado-1080-x-1080-px-1000x1000.png 1000w, https:\/\/ies9023-infd.mendoza.edu.ar\/sitio\/wp-content\/uploads\/2025\/11\/MARKETING-DIGITAL-publicado-1080-x-1080-px-500x500.png 500w, https:\/\/ies9023-infd.mendoza.edu.ar\/sitio\/wp-content\/uploads\/2025\/11\/MARKETING-DIGITAL-publicado-1080-x-1080-px-768x768.png 768w, https:\/\/ies9023-infd.mendoza.edu.ar\/sitio\/wp-content\/uploads\/2025\/11\/MARKETING-DIGITAL-publicado-1080-x-1080-px.png 1080w\" sizes=\"(max-width: 442px) 100vw, 442px\" \/><\/a><\/p>\n<p><img decoding=\"async\" loading=\"lazy\" class=\"wp-image-2727 aligncenter\" src=\"https:\/\/ies9023-infd.mendoza.edu.ar\/sitio\/wp-content\/uploads\/2024\/09\/IES_Abr_HOME-1000x227.jpg\" alt=\"\" width=\"1056\" height=\"240\" srcset=\"https:\/\/ies9023-infd.mendoza.edu.ar\/sitio\/wp-content\/uploads\/2024\/09\/IES_Abr_HOME-1000x227.jpg 1000w, https:\/\/ies9023-infd.mendoza.edu.ar\/sitio\/wp-content\/uploads\/2024\/09\/IES_Abr_HOME-1900x430.jpg 1900w, https:\/\/ies9023-infd.mendoza.edu.ar\/sitio\/wp-content\/uploads\/2024\/09\/IES_Abr_HOME-768x174.jpg 768w, https:\/\/ies9023-infd.mendoza.edu.ar\/sitio\/wp-content\/uploads\/2024\/09\/IES_Abr_HOME-1536x348.jpg 1536w, https:\/\/ies9023-infd.mendoza.edu.ar\/sitio\/wp-content\/uploads\/2024\/09\/IES_Abr_HOME.jpg 1920w\" sizes=\"(max-width: 1056px) 100vw, 1056px\" \/><\/p>\n<div  class=\"lgc-column lgc-grid-parent lgc-grid-50 lgc-tablet-grid-50 lgc-mobile-grid-100 lgc-equal-heights \"><div  class=\"inside-grid-column\"><a href=\"https:\/\/www.mendoza.edu.ar\/\" target=\"_blank\" rel=\"noopener\"><img decoding=\"async\" loading=\"lazy\" class=\"aligncenter wp-image-2694\" src=\"https:\/\/ies9023-infd.mendoza.edu.ar\/sitio\/wp-content\/uploads\/2024\/09\/blancoRecurso-1logo-1.png\" alt=\"\" width=\"312\" height=\"71\" \/><\/a><\/div><\/div>\n<div  class=\"lgc-column lgc-grid-parent lgc-grid-50 lgc-tablet-grid-50 lgc-mobile-grid-100 lgc-equal-heights \"><div  class=\"inside-grid-column\"><a href=\"https:\/\/ies9023-infd.mendoza.edu.ar\/sitio\/\" target=\"_blank\" rel=\"noopener\"><img decoding=\"async\" loading=\"lazy\" class=\"aligncenter wp-image-2722\" src=\"https:\/\/ies9023-infd.mendoza.edu.ar\/sitio\/wp-content\/uploads\/2024\/09\/blancoRecurso-2logo.png\" alt=\"\" width=\"300\" height=\"70\" \/><\/a><\/div><\/div>\n<hr \/>\n<div  class=\"lgc-column lgc-grid-parent lgc-grid-100 lgc-tablet-grid-100 lgc-mobile-grid-100 lgc-equal-heights \"><div  class=\"inside-grid-column\">\n<p style=\"text-align: center;\">Dionisio Herrero 303 &#8211; Maip\u00fa &#8211; Mendoza &#8211; M5515WE. WEB: ies9023-infd.mendoza.edu.ar. EMAIL: infoies9023@gmail.com. WHATSAPP: 5492616121340. INSTAGRAM: @ies9023maip\u00fa. FACEBOOK: IES9023MAIPU<\/p>\n<p><\/p><\/div><\/div>\n","protected":false},"excerpt":{"rendered":"<p>DOCUMENTACI\u00d3N PARA PROFESORADOS 4 fotos carnet Fotocopia DNI Fotocopia Partida de Nacimiento actualizada Constancia de CUIL Certificado de Antecedentes Penales vigente (3 meses de validez) Fotocopia de Anal\u00edtico del secundario (con sello de copia fiel) en caso de estar cursando \u2013 debe traer certificado de alumno regular (original) o certificado de anal\u00edtico en tr\u00e1mite. Certificado &#8230; <a title=\"Requisitos para el Ingreso a las Carreras del IES 9-023\" class=\"read-more\" href=\"https:\/\/ies9023-infd.mendoza.edu.ar\/sitio\/requisitos-de-ingreso-a-las-carreras-del-ies-9-023\/\" aria-label=\"More on Requisitos para el Ingreso a las Carreras del IES 9-023\">[+]<\/a><\/p>\n","protected":false},"author":546,"featured_media":0,"parent":0,"menu_order":0,"comment_status":"closed","ping_status":"closed","template":"","meta":[],"acf":[],"_links":{"self":[{"href":"https:\/\/ies9023-infd.mendoza.edu.ar\/sitio\/wp-json\/wp\/v2\/pages\/1018"}],"collection":[{"href":"https:\/\/ies9023-infd.mendoza.edu.ar\/sitio\/wp-json\/wp\/v2\/pages"}],"about":[{"href":"https:\/\/ies9023-infd.mendoza.edu.ar\/sitio\/wp-json\/wp\/v2\/types\/page"}],"author":[{"embeddable":true,"href":"https:\/\/ies9023-infd.mendoza.edu.ar\/sitio\/wp-json\/wp\/v2\/users\/546"}],"replies":[{"embeddable":true,"href":"https:\/\/ies9023-infd.mendoza.edu.ar\/sitio\/wp-json\/wp\/v2\/comments?post=1018"}],"version-history":[{"count":66,"href":"https:\/\/ies9023-infd.mendoza.edu.ar\/sitio\/wp-json\/wp\/v2\/pages\/1018\/revisions"}],"predecessor-version":[{"id":3649,"href":"https:\/\/ies9023-infd.mendoza.edu.ar\/sitio\/wp-json\/wp\/v2\/pages\/1018\/revisions\/3649"}],"wp:attachment":[{"href":"https:\/\/ies9023-infd.mendoza.edu.ar\/sitio\/wp-json\/wp\/v2\/media?parent=1018"}],"curies":[{"name":"wp","href":"https:\/\/api.w.org\/{rel}","templated":true}]}}

<p><img decoding="async" loading="lazy" class="alignnone size-medium wp-image-3630" src="https://ies9023-infd.mendoza.edu.ar/sitio/wp-content/uploads/2025/11/Inscripciones-2026-abiertas-ENCABEZADO-1000x479.png" alt="" width="1000" height="479" srcset="https://ies9023-infd.mendoza.edu.ar/sitio/wp-content/uploads/2025/11/Inscripciones-2026-abiertas-ENCABEZADO-1000x479.png 1000w, https://ies9023-infd.mendoza.edu.ar/sitio/wp-content/uploads/2025/11/Inscripciones-2026-abiertas-ENCABEZADO-1900x910.png 1900w, https://ies9023-infd.mendoza.edu.ar/sitio/wp-content/uploads/2025/11/Inscripciones-2026-abiertas-ENCABEZADO-768x368.png 768w, https://ies9023-infd.mendoza.edu.ar/sitio/wp-content/uploads/2025/11/Inscripciones-2026-abiertas-ENCABEZADO-1536x735.png 1536w, https://ies9023-infd.mendoza.edu.ar/sitio/wp-content/uploads/2025/11/Inscripciones-2026-abiertas-ENCABEZADO-2048x981.png 2048w" sizes="(max-width: 1000px) 100vw, 1000px" /></p>
<h1>DOCUMENTACIÓN PARA PROFESORADOS</h1>
<ul>
<li>4 fotos carnet</li>
<li>Fotocopia DNI</li>
<li>Fotocopia Partida de Nacimiento actualizada</li>
<li>Constancia de CUIL</li>
<li>Certificado de Antecedentes Penales vigente (3 meses de validez)</li>
<li>Fotocopia de Analítico del secundario (con sello de copia fiel) en caso de estar cursando – debe traer certificado de alumno regular (original) o certificado de analítico en trámite.</li>
<li>Certificado de aptitud física emitido por organismo de salud pública (centro de salud u hospital público)</li>
<li>Certificado de apto cuerdas vocales emitido por otorrino – ORL </li>
</ul>
<h1>DOCUMENTACIÓN PARA TECNICATURAS</h1>
<ul>
<li>4 fotos carnet</li>
<li>Fotocopia DNI</li>
<li>Constancia de CUIL</li>
<li>Certificado de Antecedentes Penales vigente (3 meses de validez)</li>
<li>Fotocopia Partida de Nacimiento actualizada</li>
<li>Fotocopia de Analítico del secundario (con sello de copia fiel) en caso de estar cursando – debe traer certificado de alumno regular (original) o certificado de analítico en trámite</li>
<li>Certificado de aptitud física emitido por organismo de salud pública (centro de salud u hospital público) puede presentar copia del turno hasta que obtenga la certificación</li>
<li>Fotocopia de certificado de vacunas – Antitetánica vigente (exigido para Enología y Mecatrónica)</li>
</ul>
<h1>DOCUMENTACIÓN PARA ENFERMERÍA</h1>
<ul>
<li>4 fotos carnet</li>
<li>Fotocopia DNI</li>
<li>Fotocopia Partida de Nacimiento actualizada</li>
<li>Constancia de CUIL</li>
<li>Certificado de Antecedentes Penales vigente (3 meses de validez)</li>
<li>Fotocopia de Analítico del secundario (con sello de copia fiel) en caso de estar cursando – debe traer certificado de alumno regular (original) o certificado de analítico en trámite</li>
<li>Certificado de aptitud física emitido por CONI (Turno On line: www.mendoza.gov.ar / TURNOS)</li>
<li>Fotocopia de certificado de vacunas Hepatitis B, Antitetánica, Sarampión</li>
</ul>
<p><img decoding="async" loading="lazy" class="wp-image-3627  alignleft" src="https://ies9023-infd.mendoza.edu.ar/sitio/wp-content/uploads/2025/11/Oferta-Educativa-2025-Ies9023-solo-carreras.png" alt="" width="490" height="433" srcset="https://ies9023-infd.mendoza.edu.ar/sitio/wp-content/uploads/2025/11/Oferta-Educativa-2025-Ies9023-solo-carreras.png 828w, https://ies9023-infd.mendoza.edu.ar/sitio/wp-content/uploads/2025/11/Oferta-Educativa-2025-Ies9023-solo-carreras-768x680.png 768w" sizes="(max-width: 490px) 100vw, 490px" /><a href="https://ies9023-infd.mendoza.edu.ar/sitio/oferta-academica-2/tecnicatura-superior-en-marketing-digital/"><img decoding="async" loading="lazy" class="wp-image-3633 alignright" src="https://ies9023-infd.mendoza.edu.ar/sitio/wp-content/uploads/2025/11/MARKETING-DIGITAL-publicado-1080-x-1080-px-1000x1000.png" alt="" width="442" height="442" srcset="https://ies9023-infd.mendoza.edu.ar/sitio/wp-content/uploads/2025/11/MARKETING-DIGITAL-publicado-1080-x-1080-px-1000x1000.png 1000w, https://ies9023-infd.mendoza.edu.ar/sitio/wp-content/uploads/2025/11/MARKETING-DIGITAL-publicado-1080-x-1080-px-500x500.png 500w, https://ies9023-infd.mendoza.edu.ar/sitio/wp-content/uploads/2025/11/MARKETING-DIGITAL-publicado-1080-x-1080-px-768x768.png 768w, https://ies9023-infd.mendoza.edu.ar/sitio/wp-content/uploads/2025/11/MARKETING-DIGITAL-publicado-1080-x-1080-px.png 1080w" sizes="(max-width: 442px) 100vw, 442px" /></a></p>
<p><img decoding="async" loading="lazy" class="wp-image-2727 aligncenter" src="https://ies9023-infd.mendoza.edu.ar/sitio/wp-content/uploads/2024/09/IES_Abr_HOME-1000x227.jpg" alt="" width="1056" height="240" srcset="https://ies9023-infd.mendoza.edu.ar/sitio/wp-content/uploads/2024/09/IES_Abr_HOME-1000x227.jpg 1000w, https://ies9023-infd.mendoza.edu.ar/sitio/wp-content/uploads/2024/09/IES_Abr_HOME-1900x430.jpg 1900w, https://ies9023-infd.mendoza.edu.ar/sitio/wp-content/uploads/2024/09/IES_Abr_HOME-768x174.jpg 768w, https://ies9023-infd.mendoza.edu.ar/sitio/wp-content/uploads/2024/09/IES_Abr_HOME-1536x348.jpg 1536w, https://ies9023-infd.mendoza.edu.ar/sitio/wp-content/uploads/2024/09/IES_Abr_HOME.jpg 1920w" sizes="(max-width: 1056px) 100vw, 1056px" /></p>
<div  class="lgc-column lgc-grid-parent lgc-grid-50 lgc-tablet-grid-50 lgc-mobile-grid-100 lgc-equal-heights "><div  class="inside-grid-column"><a href="https://www.mendoza.edu.ar/" target="_blank" rel="noopener"><img decoding="async" loading="lazy" class="aligncenter wp-image-2694" src="https://ies9023-infd.mendoza.edu.ar/sitio/wp-content/uploads/2024/09/blancoRecurso-1logo-1.png" alt="" width="312" height="71" /></a></div></div>
<div  class="lgc-column lgc-grid-parent lgc-grid-50 lgc-tablet-grid-50 lgc-mobile-grid-100 lgc-equal-heights "><div  class="inside-grid-column"><a href="https://ies9023-infd.mendoza.edu.ar/sitio/" target="_blank" rel="noopener"><img decoding="async" loading="lazy" class="aligncenter wp-image-2722" src="https://ies9023-infd.mendoza.edu.ar/sitio/wp-content/uploads/2024/09/blancoRecurso-2logo.png" alt="" width="300" height="70" /></a></div></div>
<hr />
<div  class="lgc-column lgc-grid-parent lgc-grid-100 lgc-tablet-grid-100 lgc-mobile-grid-100 lgc-equal-heights "><div  class="inside-grid-column">
<p style="text-align: center;">Dionisio Herrero 303 &#8211; Maipú &#8211; Mendoza &#8211; M5515WE. WEB: ies9023-infd.mendoza.edu.ar. EMAIL: infoies9023@gmail.com. WHATSAPP: 5492616121340. INSTAGRAM: @ies9023maipú. FACEBOOK: IES9023MAIPU</p>
<p></p></div></div>

<p>DOCUMENTACIÓN PARA PROFESORADOS 4 fotos carnet Fotocopia DNI Fotocopia Partida de Nacimiento actualizada Constancia de CUIL Certificado de Antecedentes Penales vigente (3 meses de validez) Fotocopia de Analítico del secundario (con sello de copia fiel) en caso de estar cursando – debe traer certificado de alumno regular (original) o certificado de analítico en trámite. Certificado &#8230; <a title="Requisitos para el Ingreso a las Carreras del IES 9-023" class="read-more" href="https://ies9023-infd.mendoza.edu.ar/sitio/requisitos-de-ingreso-a-las-carreras-del-ies-9-023/" aria-label="More on Requisitos para el Ingreso a las Carreras del IES 9-023">[+]</a></p>
