{"id":1000,"date":"2018-08-31T14:21:39","date_gmt":"2018-08-31T17:21:39","guid":{"rendered":"https:\/\/ies9023-mza.infd.edu.ar\/sitio\/consejo-directivo\/"},"modified":"2025-09-26T08:48:29","modified_gmt":"2025-09-26T11:48:29","slug":"consejo-directivo","status":"publish","type":"page","link":"https:\/\/ies9023-infd.mendoza.edu.ar\/sitio\/consejo-directivo\/","title":{"rendered":"Consejo Directivo"},"content":{"rendered":"<h4><img decoding=\"async\" loading=\"lazy\" class=\"alignnone size-medium wp-image-2727\" src=\"https:\/\/ies9023-infd.mendoza.edu.ar\/sitio\/wp-content\/uploads\/2024\/09\/IES_Abr_HOME-1000x227.jpg\" alt=\"\" width=\"1000\" height=\"227\" srcset=\"https:\/\/ies9023-infd.mendoza.edu.ar\/sitio\/wp-content\/uploads\/2024\/09\/IES_Abr_HOME-1000x227.jpg 1000w, https:\/\/ies9023-infd.mendoza.edu.ar\/sitio\/wp-content\/uploads\/2024\/09\/IES_Abr_HOME-1900x430.jpg 1900w, https:\/\/ies9023-infd.mendoza.edu.ar\/sitio\/wp-content\/uploads\/2024\/09\/IES_Abr_HOME-768x174.jpg 768w, https:\/\/ies9023-infd.mendoza.edu.ar\/sitio\/wp-content\/uploads\/2024\/09\/IES_Abr_HOME-1536x348.jpg 1536w, https:\/\/ies9023-infd.mendoza.edu.ar\/sitio\/wp-content\/uploads\/2024\/09\/IES_Abr_HOME.jpg 1920w\" sizes=\"(max-width: 1000px) 100vw, 1000px\" \/><\/h4>\n<h4><strong><span style=\"color: #993366;\">CONSEJO DIRECTIVO<\/span><\/strong><\/h4>\n<p><span style=\"font-size: revert;\">Rectora:&nbsp;PROF. LIC. MAR\u00cdA VIRGINIA HERN\u00c1NDEZ<br \/>\nVicerrectora: PROF. MAR\u00cdA EUGENIA MANCIFESTA&nbsp;<\/span><br \/>\nRegente: JUAN CARLOS RIVAS<\/p>\n<h4><strong><span style=\"color: #993366;\">Claustro<\/span> <span style=\"color: #800080;\">docente<\/span><\/strong><\/h4>\n<ol>\n<li>Ing. Fernando Conti (T)<\/li>\n<li>Prof. Claudia Latorre (T)<\/li>\n<li>Ing. Pablo Vargas (T)<\/li>\n<li>Ing. Gabriel Molina (T)<\/li>\n<li>Ing. Leonardo Sturba (T)<\/li>\n<li>Lic. Gabriela Riveros (S)<\/li>\n<li>Cdor. Sebasti\u00e1n Lopez Simonassi (S)<\/li>\n<\/ol>\n<h4><strong><span style=\"color: #993366;\">Claustro de egresados<\/span><\/strong><\/h4>\n<ol>\n<li>Lic. Hugo Melonari (T)<\/li>\n<li>Prof. Fernanda Mecci (S)<\/li>\n<\/ol>\n<h4><strong><span style=\"color: #993366;\">Claustro de<\/span>&nbsp;<span style=\"color: #993366;\">no docentes<\/span><\/strong><\/h4>\n<ol>\n<li>Sr. Esteban Luna (T)<\/li>\n<li>Prof. Magal\u00ed Giner (S)<\/li>\n<\/ol>\n<h4><strong><span style=\"color: #993366;\">Claustro de alumnos<\/span><\/strong><\/h4>\n<ol>\n<li>Laura Ant\u00f3n (T)<\/li>\n<li>Romina Villegas (T)<\/li>\n<li>Malvina Martha De Oliveira Pardo (S)<\/li>\n<li>Anal\u00eda Aldana Mu\u00f1oz (S)<\/li>\n<\/ol>\n","protected":false},"excerpt":{"rendered":"<p>CONSEJO DIRECTIVO Rectora:&nbsp;PROF. LIC. MAR\u00cdA VIRGINIA HERN\u00c1NDEZ Vicerrectora: PROF. MAR\u00cdA EUGENIA MANCIFESTA&nbsp; Regente: JUAN CARLOS RIVAS Claustro docente Ing. Fernando Conti (T) Prof. Claudia Latorre (T) Ing. Pablo Vargas (T) Ing. Gabriel Molina (T) Ing. Leonardo Sturba (T) Lic. Gabriela Riveros (S) Cdor. Sebasti\u00e1n Lopez Simonassi (S) Claustro de egresados Lic. Hugo Melonari (T) Prof. &#8230; <a title=\"Consejo Directivo\" class=\"read-more\" href=\"https:\/\/ies9023-infd.mendoza.edu.ar\/sitio\/consejo-directivo\/\" aria-label=\"More on Consejo Directivo\">[+]<\/a><\/p>\n","protected":false},"author":551,"featured_media":0,"parent":0,"menu_order":0,"comment_status":"closed","ping_status":"closed","template":"","meta":[],"acf":[],"_links":{"self":[{"href":"https:\/\/ies9023-infd.mendoza.edu.ar\/sitio\/wp-json\/wp\/v2\/pages\/1000"}],"collection":[{"href":"https:\/\/ies9023-infd.mendoza.edu.ar\/sitio\/wp-json\/wp\/v2\/pages"}],"about":[{"href":"https:\/\/ies9023-infd.mendoza.edu.ar\/sitio\/wp-json\/wp\/v2\/types\/page"}],"author":[{"embeddable":true,"href":"https:\/\/ies9023-infd.mendoza.edu.ar\/sitio\/wp-json\/wp\/v2\/users\/551"}],"replies":[{"embeddable":true,"href":"https:\/\/ies9023-infd.mendoza.edu.ar\/sitio\/wp-json\/wp\/v2\/comments?post=1000"}],"version-history":[{"count":12,"href":"https:\/\/ies9023-infd.mendoza.edu.ar\/sitio\/wp-json\/wp\/v2\/pages\/1000\/revisions"}],"predecessor-version":[{"id":3200,"href":"https:\/\/ies9023-infd.mendoza.edu.ar\/sitio\/wp-json\/wp\/v2\/pages\/1000\/revisions\/3200"}],"wp:attachment":[{"href":"https:\/\/ies9023-infd.mendoza.edu.ar\/sitio\/wp-json\/wp\/v2\/media?parent=1000"}],"curies":[{"name":"wp","href":"https:\/\/api.w.org\/{rel}","templated":true}]}}

<h4><img decoding="async" loading="lazy" class="alignnone size-medium wp-image-2727" src="https://ies9023-infd.mendoza.edu.ar/sitio/wp-content/uploads/2024/09/IES_Abr_HOME-1000x227.jpg" alt="" width="1000" height="227" srcset="https://ies9023-infd.mendoza.edu.ar/sitio/wp-content/uploads/2024/09/IES_Abr_HOME-1000x227.jpg 1000w, https://ies9023-infd.mendoza.edu.ar/sitio/wp-content/uploads/2024/09/IES_Abr_HOME-1900x430.jpg 1900w, https://ies9023-infd.mendoza.edu.ar/sitio/wp-content/uploads/2024/09/IES_Abr_HOME-768x174.jpg 768w, https://ies9023-infd.mendoza.edu.ar/sitio/wp-content/uploads/2024/09/IES_Abr_HOME-1536x348.jpg 1536w, https://ies9023-infd.mendoza.edu.ar/sitio/wp-content/uploads/2024/09/IES_Abr_HOME.jpg 1920w" sizes="(max-width: 1000px) 100vw, 1000px" /></h4>
<h4><strong><span style="color: #993366;">CONSEJO DIRECTIVO</span></strong></h4>
<p><span style="font-size: revert;">Rectora:&nbsp;PROF. LIC. MARÍA VIRGINIA HERNÁNDEZ<br />
Vicerrectora: PROF. MARÍA EUGENIA MANCIFESTA&nbsp;</span><br />
Regente: JUAN CARLOS RIVAS</p>
<h4><strong><span style="color: #993366;">Claustro</span> <span style="color: #800080;">docente</span></strong></h4>
<ol>
<li>Ing. Fernando Conti (T)</li>
<li>Prof. Claudia Latorre (T)</li>
<li>Ing. Pablo Vargas (T)</li>
<li>Ing. Gabriel Molina (T)</li>
<li>Ing. Leonardo Sturba (T)</li>
<li>Lic. Gabriela Riveros (S)</li>
<li>Cdor. Sebastián Lopez Simonassi (S)</li>
</ol>
<h4><strong><span style="color: #993366;">Claustro de egresados</span></strong></h4>
<ol>
<li>Lic. Hugo Melonari (T)</li>
<li>Prof. Fernanda Mecci (S)</li>
</ol>
<h4><strong><span style="color: #993366;">Claustro de</span>&nbsp;<span style="color: #993366;">no docentes</span></strong></h4>
<ol>
<li>Sr. Esteban Luna (T)</li>
<li>Prof. Magalí Giner (S)</li>
</ol>
<h4><strong><span style="color: #993366;">Claustro de alumnos</span></strong></h4>
<ol>
<li>Laura Antón (T)</li>
<li>Romina Villegas (T)</li>
<li>Malvina Martha De Oliveira Pardo (S)</li>
<li>Analía Aldana Muñoz (S)</li>
</ol>

<p>CONSEJO DIRECTIVO Rectora:&nbsp;PROF. LIC. MARÍA VIRGINIA HERNÁNDEZ Vicerrectora: PROF. MARÍA EUGENIA MANCIFESTA&nbsp; Regente: JUAN CARLOS RIVAS Claustro docente Ing. Fernando Conti (T) Prof. Claudia Latorre (T) Ing. Pablo Vargas (T) Ing. Gabriel Molina (T) Ing. Leonardo Sturba (T) Lic. Gabriela Riveros (S) Cdor. Sebastián Lopez Simonassi (S) Claustro de egresados Lic. Hugo Melonari (T) Prof. &#8230; <a title="Consejo Directivo" class="read-more" href="https://ies9023-infd.mendoza.edu.ar/sitio/consejo-directivo/" aria-label="More on Consejo Directivo">[+]</a></p>
